- 2*l, l - 5 = -2*d + 2. Calculate the remainder when 2 is divided by d.
0
Suppose 0 = d - 2*s - 2*s + 19, -2*s = 2*d - 12. Let y = 76 - 75. What is the remainder when d is divided by y?
0
Suppose 25*c - 26*c + 83 = 0. Suppose -73 = -h - 2*h - x, -4*x + 39 = h. What is the remainder when c is divided by h?
14
Suppose -g = -5*u - 162, 4 = 4*u - 16. What is the remainder when g is divided by 15/2*294/35?
61
Suppose -48 = -4*l + 40. Let u(c) = -c - 12. Let y(j) = 1. Let r(s) = -u(s) - 4*y(s). Calculate the remainder when l is divided by r(4).
10
Let y = 57 + -57. Suppose 2*o - 5 = -3*o, y = -l - 2*o + 4. What is the remainder when 6 is divided by l?
0
Let x be 0 + (3 + -1 - 2). Suppose -2*o + 6*o - 48 = x. Calculate the remainder when 44 is divided by o.
8
Let q be ((-4)/(-5))/(2/5). Let h(g) = 15*g**q + 9*g + 7*g + 14 - 1 - g**3. Calculate the remainder when 36 is divided by h(16).
10
Let l(z) = z**2 - 16*z - 24. Let m = 33 - 1. Let q = 65 - m. Calculate the remainder when q is divided by l(18).
9
Let f(u) = -u**3 - 8*u**2 + 8*u + 5. Suppose b = 5*b. Suppose -5*k = 5*t - 50, 5*t - 3*k - 5 - 5 = b. Calculate the remainder when f(-9) is divided by t.
4
Let n be 0 + -4 - -46 - (-1)/1. Suppose o + 9 = c, -5*o + n = 2*c - 2*o. Calculate the remainder when c is divided by 4.
2
Suppose t - 44*k - 55 = -49*k, -4*t + 295 = -5*k. Calculate the remainder when 133 is divided by t.
63
Let a(p) = -p**3 + 9*p**2 - 12*p - 10. Let o be (2 + -2 - 2)/((-12)/42). Calculate the remainder when 8 is divided by a(o).
0
Suppose -4*n - 5*r + 78 + 21 = 0, r + 131 = 5*n. Calculate the remainder when 231 is divided by n.
23
Suppose 3*n = -5*n + 256. What is the remainder when n is divided by 10?
2
Let r(p) = 4*p**2 - 9*p + 30. Let g be r(4). Suppose -g*z = -59*z + 11. What is the remainder when z is divided by (-44)/(-10) + 4/(-10)?
3
Suppose -30 = 2*c + 4*u, u = 2*u. Let m be (14/(-4))/((-6)/(-288)*8). Let f = c - m. Calculate the remainder when 16 is divided by f.
4
Suppose -5*t = -5*h - 75, -3*t + 5 = 5*h - 0*h. What is the remainder when 19 is divided by t?
9
What is the remainder when (98/2)/(-3*(-1)/21) is divided by 25?
18
Suppose 43 + 49 = 4*c. Suppose -4*z + z = 0. Suppose z*p - 4*p = -52. What is the remainder when c is divided by p?
10
Let d = -89 - -250. What is the remainder when d is divided by 33?
29
Let v(k) = -k + 15. Let t be v(14). Suppose 5*l - 1 - t = 4*u, -4 = -3*l + u. Suppose 0 = l*p + p - 78. Calculate the remainder when p is divided by 9.
8
Suppose -246 = -4*f + 3*h + 167, 0 = -f - 5*h + 86. Calculate the remainder when f is divided by 12.
5
Let g(d) = -2*d**2 - 31*d - 8. Let y = 281 - 242. Calculate the remainder when y is divided by g(-15).
4
Let y = -10 - -20. What is the remainder when (-638)/33*(-1 - (-1)/(-2)) is divided by y?
9
Suppose 2*v - 3 = -v. Let y(b) = 6*b - 1. Let d be y(v). Suppose -5*i - 29 + d = -3*o, 0 = -2*o + 2*i + 16. What is the remainder when 39 is divided by o?
7
Let o(m) = -m**3 - 2*m**2 - m + 1. Suppose k - c - 38 = 0, 4*k = 102*c - 97*c + 159. Calculate the remainder when k is divided by o(-2).
1
Suppose 3*c + 6 - 27 = 3*r, -4*c = 5*r - 64. Calculate the remainder when 373 is divided by c.
10
Let k be -1 - ((1 - -49) + -6). Calculate the remainder when 57 - (2 - 4) - -2 is divided by (-2)/15 - 1*1446/k.
29
Suppose -2*d + 105 = d. Let s = 63 - d. What is the remainder when s is divided by 12?
4
Let b = -5 - -6. Let w(a) = a**3 + 2*a**2 - 4*a + 2. Let j be w(2). Suppose j*o = 14*o - 4. What is the remainder when b is divided by o?
0
Let b(t) = t**2 - 11*t - 3. Let h be b(12). Let f(r) = r**3 - 9*r**2 + 3*r + 16. What is the remainder when f(h) is divided by 8?
3
Suppose 3*h + 3251 - 1232 = 0. Let u = h - -445. What is the remainder when 36 is divided by (4/12)/((-4)/u)?
17
Let v(t) = -12*t + 20. Let i(s) = s**3 + s + 7. Calculate the remainder when v(-1) is divided by i(0).
4
Let w be (-10)/(-4 + -1) - 16. Let m(i) = i**2 + 12*i + 6. What is the remainder when m(w) is divided by 8?
2
Suppose -3*j + 473 = 5*a, 210 = 2*a + 10*j - 14*j. Suppose -7*q = -3*q - 36. What is the remainder when a is divided by q?
7
Suppose -5*j + 15 = 2*y - 0*j, -y = -5*j - 30. Let o(x) = -18*x + 3. Calculate the remainder when o(-3) is divided by y.
12
What is the remainder when 19/3 + (-104)/78 is divided by -15*((-8)/6 - -1)?
0
What is the remainder when (42/(-24) - -4) + 10/(-8) is divided by 1?
0
Suppose 5491*f + 2544 = 5495*f. Calculate the remainder when f is divided by 58.
56
Let t = 714 - 523. Calculate the remainder when t is divided by 66.
59
Let h(t) = -t**3 - 3*t**2 - t - 6. Let z = 122 - 84. Calculate the remainder when z is divided by h(-4).
10
Let j = 79 + -48. Calculate the remainder when j is divided by 10.
1
Suppose 0 = 3*p + z - 258, -4*p - 2*z + 344 = -7*z. What is the remainder when p is divided by -31 + (21 - 4) - -32?
14
Let k(n) = -n**3 + 7*n**2 - 2*n + 5. Suppose 8 = 4*o + 4. What is the remainder when k(6) is divided by o + (-59 - -3)/(-4)?
14
Suppose 0 = -2*g + 2, 4*g = r - 4*r + 10. Suppose 5*w = -4*j - 62, -r*w + 2*j - 4*j - 26 = 0. Calculate the remainder when 33 is divided by (-2)/w - (-176)/20.
6
Suppose -p + 25 = 4*p. Suppose -3*u = -p*u + 14. Let h(w) = 18*w**2 - 6*w. Calculate the remainder when h(-1) is divided by u.
3
Let a(r) = r**3 + 9*r**2 + 2*r + 34. Suppose -s + 15 = -5*t - 74, 4*t + 184 = 2*s. Suppose 32 = 2*n - s. What is the remainder when n is divided by a(-9)?
15
Let z = 215 + -176. What is the remainder when 56 is divided by z?
17
Suppose 32 = 3*b - 4. Let a = -105 + 127. What is the remainder when a is divided by b?
10
Let z(g) = g + 1. Let m(q) = -2*q - 4. Let u(r) = m(r) - 3*z(r). Suppose 5*s + 82 = 3*d + 2, s = -1. What is the remainder when d is divided by u(-4)?
12
Let y(n) = 7*n**2 + 120*n + 7. Calculate the remainder when y(-19) is divided by 64.
62
Let k = 599 + -596. What is the remainder when 11 is divided by k?
2
Let i = -7 + 7. Suppose i = -l - 2*n, -l + 3*n = -6 - 4. Suppose -l*p = -9 - 139. Calculate the remainder when p is divided by 13.
11
Suppose -4*o - 47 + 139 = 0. Suppose -6*x + 137 - 11 = 0. What is the remainder when o is divided by 2/(-7) + ((-528)/x)/(-4)?
5
Let d = 3034 - 2999. Suppose 0 = -4*b - 21 - 79. Let w = b - -37. What is the remainder when d is divided by w?
11
Let q(f) = -3*f**2 - f - 52. Let u be q(0). Let d = u - -61. Calculate the remainder when d is divided by 5.
4
Suppose 5*s + p - 150 = 0, -3*s + 60 = -s + 2*p. What is the remainder when 54 is divided by s?
24
Let b(k) be the first derivative of 4*k**2 - 33*k - 22. Calculate the remainder when 43 is divided by b(6).
13
Let f be (-9)/(-7) - 2/7. Let s(u) = -4*u + 1 + 11*u + f. What is the remainder when 62 is divided by s(2)?
14
Let i(j) = j - 6. Suppose 2*k + 12 = 4*k. Let o be i(k). Suppose -2*p - 4*f - f + 100 = o, -5*f - 35 = -p. Calculate the remainder when p is divided by 10.
5
Suppose -120 = -6*z - 48. What is the remainder when 251 is divided by z?
11
Suppose 147*x - 145*x - 158 = 0. What is the remainder when x is divided by 21?
16
Let d(r) = r**3 - 35*r**2 - 16*r - 147. What is the remainder when d(37) is divided by 69?
67
Suppose 3*h + f - 34 = 0, 309*f = 306*f - 6. Calculate the remainder when 12 is divided by h.
0
Suppose -3 = -2*t + 1. Suppose -4*z - 2657 = -5*d, -3*d + t*z + 1247 = -346. Suppose -6*r + d = 181. Calculate the remainder when r is divided by 15.
13
Suppose 0 = -3*f + f + 22. Let g(h) = -3*h**3 - 29*h**2 + 9*h + 4. Calculate the remainder when g(-10) is divided by (-1 + f)*4/8.
4
Let u(y) = y**2 - y - 34. Calculate the remainder when 76 is divided by u(11).
0
Let z = -54 - -125. Calculate the remainder when z is divided by 1 + (138/3)/2.
23
Let x be (-468)/(-48) - 2/(-8). Let r be (x/15)/(6/45). Suppose r*g = 65 - 15. What is the remainder when 15 is divided by g?
5
Suppose -22 = 5*g - 392. Let h = -2 - -2. Suppose h = 5*y + 3*y - 152. Calculate the remainder when g is divided by y.
17
Let b(n) = -2*n**3 - 9*n**2 - 7*n + 5. Calculate the remainder when 39 is divided by b(-4).
5
Let w(u) = u**3 - 3*u**2 + 5*u. Calculate the remainder when w(4) is divided by 80/24*156/65.
4
Let g = 147 - 102. Let k(c) = c**2 - 6*c + 8. Suppose -54 = -4*z - 22. Calculate the remainder when g is d